e
Let r be -8*((-52569)/22)/(-9). Let s be ((-1850)/(-15))/(2/57). Let t = s + r. Is t a composite number?
True
Suppose 0 = -2*v + 20*k - 18*k + 26118, 0 = 3*v - 2*k - 39181. Is v composite?
False
Suppose 3*w - 4*b - 21204 = -b, 0 = 2*w - 3*b - 14133. Suppose 0 = -a - 4*u + w, 2*a + 3*u = 4*a - 14131. Is a a composite number?
True
Suppose 2*x + 4 = -2*a + 2, 0 = -3*x + 4*a + 4. Let h = -110 + 493. Suppose j - 1523 - h = x. Is j a prime number?
False
Let u(b) = 3937*b - 7755. Is u(8) composite?
False
Let c(s) be the first derivative of s**3/3 + 3*s**2 - 3*s + 81. Is c(-16) prime?
True
Suppose -58*u - 4443173 = -107*u. Is u composite?
False
Suppose 13*t - 23*t = -50. Suppose 5*j + 15 = 2*l, -6*l - 2*j - 6 = -l. Suppose -4*x + t*x - 1517 = l. Is x composite?
True
Let f(u) = u**3 - 3*u**2 + 3*u - 7. Let d be f(3). Suppose -a + 5*s = -d*a - 7, 5*s = a - 13. Is 954 + -1 - (3 + -8 + a) a composite number?
True
Suppose -j - 26*f + 51551 = -28*f, -2*j + f + 103102 = 0. Is j a prime number?
True
Let i(u) = u**3 + 6*u**2 - 7*u + 26. Let s be i(-7). Suppose -188972 = -s*a + 20042. Is a prime?
True
Let c(q) = 170186*q**3 - 19*q**2 - 31*q + 31. Is c(1) a prime number?
True
Let u(f) = -20578*f**3 - 11*f**2 - 49*f + 1. Is u(-4) prime?
True
Suppose 2*f - 12 = -0*f. Suppose -3*h + 705 = 2*w, 3*w - 1060 = 2*h - f*h. Suppose -w = -v - r, -2*r = -v - 0*r + 363. Is v composite?
True
Suppose 28*k + 17*k = 8*k + 164317. Is k composite?
False
Let m(w) = 9*w**2 - 6*w - 7. Suppose 2 = 5*s - 8. Let u be 56/(-10) - s/5. Is m(u) prime?
True
Is -1*(-358289 + 7) - (11 - 2) a prime number?
True
Let n be -32393 + 2/1 + 0. Let k = -16958 - n. Suppose 2*z = -p + 3093, 5*p + z = -z + k. Is p a composite number?
True
Suppose 5*v - a = -34732, 48*v + 5*a + 20856 = 45*v. Is (v/(-3))/(6 - 102/18) a composite number?
False
Suppose -10*t + 171*t - 86736855 = 20*t. Is t composite?
True
Suppose -3*r + 4022 = 4*a, -4*a + r = -2254 - 1760. Let q be 597/2*(-2 - 0). Let f = a + q. Is f composite?
True
Suppose -4*a + 49 - 13 = 0. Suppose 15*h = -6 - a. Is h + 2 + -6 + 696 a composite number?
False
Suppose 0 = 2*f + 2*d + 1546, -2*f + 7*f - 3*d + 3865 = 0. Let y = -780 + f. Let r = y - -2200. Is r a prime number?
True
Let r(l) = 63*l**2 - 176*l + 1854. Is r(61) a composite number?
True
Let x(s) = -258*s - 17. Suppose 5 = 9*l - 49. Let t be 4 + 7/(-1) - l. Is x(t) prime?
False
Suppose -3*r + 5*l + 1091 = 0, l = -4*r + 5*r - 361. Let x = 88 + r. Suppose 23*n - x = 18*n. Is n a prime number?
True
Let v(g) be the third derivative of 227*g**5/60 - g**4/12 - g**3/6 + 3*g**2. Suppose 1 + 0 = -k, 0 = 3*h - 4*k + 2. Is v(h) a composite number?
False
Let y(h) = 56*h**2 - 112*h - 2585. Is y(-90) a composite number?
True
Let c = -51418 - -125501. Is c composite?
True
Suppose -4*p + 4*v - 10511 - 2561 = 0, v + 13052 = -4*p. Let x = 643 - p. Is x composite?
False
Suppose -3*l = -10*l + 77700. Let y = l + -7040. Is y/6 - (-1)/(-6)*-2 prime?
True
Let y = -96076 + 166183. Is y composite?
True
Suppose 0 + 24 = 3*w - p, 2*w - 16 = -5*p. Suppose 0 = 4*o - 3*h - 1337, -w*o + 3*o = 5*h - 1645. Suppose -1817 = -5*z - 2*f - o, -25 = -5*f. Is z composite?
True
Suppose 2746 + 6848 = 3*l. Suppose -j + l - 966 = 0. Suppose 3021 = 4*h - 5*m, -4*m + m + j = 3*h. Is h a prime number?
False
Let c = -179 - -183. Suppose -c*o = d - 14073, 9*d - 5*d - 56292 = 5*o. Is d prime?
False
Let b(d) be the second derivative of 7*d**4/6 + d**3 - 2*d**2 - d. Let i be b(-6). Let h = 7 + i. Is h prime?
False
Let z(x) = 92*x + 26*x + 47 + 756*x. Is z(5) a prime number?
False
Suppose -7*r + 1483 = -2059. Let c = r - 500. Is c composite?
True
Let a(y) = -y**2 - y - 1. Let u(b) = 7. Let d(c) = -6*a(c) + u(c). Suppose 0 = -3*q, -3*q + 33 = w - 4*w. Is d(w) prime?
True
Suppose 2*n - 456547 = -0*n + 5*m, -3*n - 5*m = -684858. Is n a prime number?
True
Let k = 253220 - 104971. Is k a prime number?
True
Let j(m) = 47*m - 4. Let v be j(1). Let n = -73 + v. Let i = n + 709. Is i a composite number?
True
Suppose -61*v + 1139972 = -84*v. Let g = -27423 - v. Is g prime?
False
Suppose 2858 + 16454 = 17*z. Let h = z + 123. Is h prime?
True
Suppose y + 5743 + 7975 = -c, -c = -4. Let d = 24529 + y. Is d composite?
True
Let o(u) = 18*u**2 - 39*u - 107. Let p be o(-25). Suppose 20274 = 8*l - p. Is l a composite number?
False
Suppose 20*c - 6828058 = 22514802. Is c a composite number?
False
Is (-1 + (-3)/3)/((-52)/(-37633570)*-5) composite?
False
Let o = -48848 + 116287. Is o composite?
True
Suppose 37*u = 9853916 - 172033 + 294612. Is u composite?
True
Suppose 372*g - 369*g = 6. Suppose 3*x = -p + 170, g*p - 4*p - 298 = -5*x. Is x composite?
True
Let d(o) = 2 + 0 - 3 - 14*o + 15*o. Let v be d(-1). Is 221*v*(-3)/6 a prime number?
False
Let w be 2098778/285 - (-4)/(-30). Let c = 13503 - w. Is c a prime number?
False
Let p(i) = 308*i + 171. Let m be p(21). Let b = m - 1778. Is b composite?
False
Is (-22 - -26) + (4 - 9)*-75011 a composite number?
False
Let p = 18419 + -2890. Is p composite?
True
Let i = 1682 - 1121. Is 102/i - (-265074)/22 a prime number?
True
Let r be 2/9 + (-652572)/162. Let z = r - -7533. Is z a prime number?
False
Let a be ((-20)/(-4))/20*12. Suppose -a*c + 5*x = 5, -1 = -2*c - x - 0. Suppose c = -d + 61 + 70. Is d prime?
True
Let o = -405697 + 882644. Is o a composite number?
True
Let u be -5*1 + (-181587)/(-7) + -3. Suppose -29609 = -6*i + u. Is i a prime number?
True
Let l be (20/(-12) + -5)*-2145. Suppose -4*r - 4*b = -l, 3*r - 4*r + 3573 = -b. Suppose 6*m - 5*y - 4490 = m, 4*m - r = -2*y. Is m a composite number?
True
Suppose -4*b + 2*q + 27 + 1 = 0, -18 = -2*b + 2*q. Let h be 2/2 - (10 - 14). Suppose b*m = 5*x - 750, x = h*x + m - 595. Is x composite?
False
Suppose 2*w - 671*z + 668*z - 936530 = 0, -2*z = -5*w + 2341347. Is w composite?
False
Let v(t) = t**2 + 8*t + 9. Suppose 0 = j - 3 + 8. Let c be v(j). Is (2/(-3))/(c/279) a composite number?
False
Let n be (3 - 6) + 0/(4 + 0). Is -1*3/9*n*2467 composite?
False
Suppose -3*q = p - 6, -q = 4*p - 2*p - 2. Suppose -q*l = f - 6*l - 22517, -5*f = l - 112480. Suppose y = t - 5618, -4*t + y - 2*y + f = 0. Is t a prime number?
True
Let m be (1185/25)/1 - 2/5. Suppose -48*c = -m*c - 521. Is c a composite number?
False
Suppose -8*c = 19*c - 688535 - 362980. Is c prime?
False
Let u(x) = 2269*x**2 + 24*x + 145. Is u(-10) composite?
True
Let s = 595 + -586. Is 11604 - s/45*35 a prime number?
True
Let n be 6/10 + (-8 - 376/(-40)). Suppose -6*q + 3*q - 28340 = -4*o, -n*o + 14170 = -4*q. Suppose -5*f + o = -6*y + 8*y, -3544 = -y - f. Is y composite?
True
Suppose -21*w - 5*w = -1248. Is 2/6*4*439092/w a prime number?
True
Suppose 24*w + 150 + 90 = 0. Is 306502/70 - 4/w a composite number?
True
Let a(r) = 19*r**2 - r + 11. Let q be (-158)/18 + (-2)/9. Is a(q) prime?
True
Let b be (-3)/6 + (-55)/(-22). Suppose 3*p = -b*r + 1375, 5*p + 8*r - 2291 = 5*r. Is p a prime number?
True
Let k be 3/(-21) + (-6 - (-129)/21). Suppose -5*o = -2*d - 11738 - 4443, -o - 4*d + 3223 = k. Is o composite?
True
Suppose 0 = o - 6*o - 2*q - 74, 0 = o - q + 19. Let f = 2588 - 2591. Is 2136/o*26/f composite?
True
Suppose -5*r - 207 = -2*i, -3*i - 134 = 5*r - 457. Is i a prime number?
False
Let x(q) = -4*q + 18. Let p be x(4). Suppose p*c - 4*g - 1709 = 105, -5*g = -2*c + 1812. Is c composite?
False
Let f(g) = 35437*g + 326. Is f(3) prime?
True
Let d(g) = 2417*g**2. Let k(y) = -y**2 - 7*y + 15. Let r be k(6). Let q = 62 + r. Is d(q) composite?
False
Is (16373/(-10))/(47/(-470)) a prime number?
False
Let c = 31853 + -11566. Is c a prime number?
True
Let w = -38 + 44. Suppose -10*i + 20 = -w*i. Suppose -2*x - i*b = x - 573, 3*x + 4*b - 573 = 0. Is x composite?
False
Suppose 0 = -5*q - 4*q + 243. Suppose -g + q - 7 = 0. Is 2*5/(g/466) a prime number?
True
Let r(p) = p**2 - 5*p - 9. Let u be r(6). Let k(g) = -151*g + 10. Let o be k(u). Suppose 5*d + 47 = -l + o, 3*l - 169 = -2*d. Is d composite?
False
Suppose -66016 = -8*d + 4*d. Let z be (-16)/(-72) - d/(-9). Let g = 2843 - z. Is g a composite number?
False
Suppose 2*m - 7*m - 4*w + 155 = 0, -2*w = 3*m - 95. Let t = -33 + m. Suppose -t*c - 85 = -3*c. Is c a prime number?
False
Let f = 328839 + -102532. Is f a composite number?
False
Let h(u) = 353*u - 18. Is h(13) composite?
T